- (-44 + -3 - ((-9 + 3 - -9) + -5))?
42
Evaluate (2 - (-5 - (-3 - -5))) + (72 + -413 - -232).
-100
Calculate (13 - (12 - (-14 + (13 - -14)))) + -57.
-43
What is the value of (235 - 187) + (7 - 10)?
45
What is -465 + 447 - (2 - 50)?
30
8 - (-9 + (17 - -8)) - (-37 + (10 - 4))
23
(59 - 47 - 13) + 15 - -22
36
What is the value of (45 - 4) + -19 - (19 + -16 + 8)?
11
Calculate -189 + 169 - (4 + -49).
25
What is the value of -76 + (-3 + (7 - 2) - (24 + -53 - -24))?
-69
Calculate 15 + -59 + 22 + 64 + -15.
27
Evaluate -10 + 14 + -8 + -144 + 176.
28
Evaluate (13 + -4 + 13 + -10 - -3 - 10) + 54.
59
What is the value of (-516 - -505) + (-104 - 1) + 15?
-101
(-1 - 66) + (-1 - 1) - (-15217 + 15204)
-56
-16 - (-560 + 579 - (14 - 1))
-22
Evaluate (-18 - -71) + (22 - 10 - 0 - 22).
43
What is 4 + 3 + -28 + (-714 - -696)?
-39
(219 - 230) + (1 + 104 - -6) + 8
108
Evaluate 22 - (-1 + 9 + 29) - 100.
-115
Evaluate 0 - 17 - (-28 + (3 - -37 - 6)).
-23
What is -5 + 17 - (-1 + -8 - (-141 - -114))?
-6
(33 - (-2 - -40)) + (5 - 1) - 9
-10
26 - (-5 + (-19 - -30) + (12 - 0))
8
Evaluate (8 - 32) + 6 - -11 - 41.
-48
Evaluate -42 - (54 + -135 - -49).
-10
What is 496 + -483 + -21 + (-1 - -4)?
-5
What is the value of (28 + (-14 - -14) - 16) + (0 - (0 - -84))?
-72
9 + (-24 - (-23 - 4)) + -12 + 0
0
What is the value of 51 - (-56 + 26 + 46)?
35
What is (-2 - 0) + 0 - (3094 + -3174) - (1 + 9)?
68
What is (-45 - -5) + 6 + 61 + 0 + -2?
25
(22 - (31 + -9)) + 4 + 4 + 1
9
(-77 - -86) + (6 - -4)
19
Evaluate -51 + -1 + 41 - (-3 + (2 + 5 - 1)).
-14
Calculate ((-10 - 5) + 1 - -8) + -54 + 8.
-52
What is -4 - (-5 + -8 + (16 - 17)) - -43?
53
Evaluate 18 + -11 - (-3 + 19 + 3) - (62 + -14).
-60
What is -100 + 1 - (4041 + -4113)?
-27
What is 23 + 121 - (-120 + 193)?
71
Calculate 65 - -108 - 141 - -23.
55
What is (-44 - (8 + -7)) + 1 + 11?
-33
What is the value of -18 - ((-4 + 8 - -5) + 173 + -179)?
-21
What is the value of (-3 - 1) + 20 + -1041 + 980 + (1 - 15)?
-59
What is 2789 - 2788 - (2 - (3 - -123))?
125
What is the value of -65 + (33 - (23 + -19))?
-36
-1322 + 1374 - (4 - 3)
51
(29 - 6 - 22) + 13
14
Calculate (3 - 6 - -3) + 1 - (-153 - -161).
-7
What is the value of (-111 - -117) + 22 + -18 + 1 + (-2 - 80)?
-71
What is the value of (-13 - (35 - -16)) + (-1 - (1 - 7))?
-59
What is -2 + 68 + (-18 + 1 - (-77 + 76))?
50
5 - ((0 - (12 + -13 + -9)) + -27)
22
Evaluate 74 + (3 - (11 + -8)) + (1 - (8 - 6)).
73
Calculate 11 + (-13 - (115 + -206)).
89
-12 + (34 - 13) + -12 + 32
29
Evaluate -24 - ((3 - -18) + -33 + 19).
-31
Calculate (-157 + 309 - 159) + (-1 - -36 - -1).
29
Evaluate -16 - (28 + (-53 - 22)).
31
Evaluate (-44 - ((-4 - 3) + 5 - (-7 + 10))) + 6.
-33
48 - (48 - -46 - 44)
-2
Evaluate (-36 - 0 - -9) + 17 - (-1 + (49 - -8)).
-66
What is (7 - -14 - -27) + (-32 - -52)?
68
-269 + 1 + (24582 - 24443)
-129
Calculate -11 + -12 + 21 + -15 + 16 + -38.
-39
What is the value of 98 - (-8 + -2) - (-12 + 28 + 4)?
88
Evaluate -20 - (172 - (39 + 12)).
-141
Calculate -19 + (-8 - -11) - -4 - 36.
-48
Evaluate -6 + 9 + 10 + -11 - (1 + -13 + 1).
13
What is -233 - (99 + -103 - 101)?
-128
What is the value of 28 - (12 + (-7 - 10) + 2 + -3)?
34
(-4 + 0 - -3) + 0 + -21 + -41 + 28
-35
Calculate ((-74 - -101) + -34 - (-11 + 0 - -2)) + 70.
72
What is 3 - -5 - (-2 - (-2 + 106) - (204 - 217))?
101
Calculate -58 - (1 + 12 - (62 + (-50 - -9))).
-50
Evaluate -11 + 7 + 0 + -90 + 145 + -146.
-95
What is the value of -3 + 1 + -8 - (103 - 84 - -62)?
-91
(-26 - -68 - -1) + -29
14
Calculate -31 + -139 - -69 - -171.
70
What is the value of 9 + (10 - 4) - (-475 - -527)?
-37
-114 + 2 + 115 + 32 + 0
35
Calculate 0 + (-112 - -125 - (0 - 22)) + 0.
35
What is the value of 29 + (26 + -2 - (-512 + 554))?
11
Calculate -2 - (16 - (1 + 7) - (-35 + -12 + 16)).
-41
Calculate -9 + -1 - (-13 - (7 + 1 + -16)) - 10.
-15
What is the value of -47 + 4 + (1647 - 1640)?
-36
What is the value of 13 - (-1 + -44 + ((5 - 14) + -27 - -32))?
62
Calculate 97 + 4 + 18 + -33 + -21.
65
Calculate -9 - (1 + 21 + (33 - 43)).
-21
Evaluate -45 + -41 + 42 - -90.
46
What is the value of (6 - -9) + -5 - (-10 - (-5 - 5)) - -11?
21
Evaluate (-9 - (7 + -11)) + -44 - (2 - (9 + 1)).
-41
Evaluate 9 - -1 - (-84 - (-87 + -6)).
1
Evaluate 149 + (-59 - (8 + 33 + -58)).
107
What is the value of 141 - 40 - (-24 - -86)?
39
Evaluate -38 - (30 - (2 + 113)).
47
Evaluate -16 - (-7 - (18 - 57 - -17)).
-31
Calculate (-2250 - -2239) + -1 + -47.
-59
Evaluate -46 + 18 + 32 + 51.
55
What is 1 - 0 - (89 + -80 - (-15 - (-31 - -11)))?
-3
-30 + (58 - (-37 - -66)) - -26
25
What is the value of 53 + (-62 - (9 + 5)) - (-44 + 1)?
20
Calculate 9 + 134 - (37 - (9 - 2)).
113
0 + 4 + 12 + 2 + -74 - (-13 - -5)
-48
Evaluate 2752 + -2559 + -4 + -76.
113
What is 154 + -92 - (3 - -26)?
33
Evaluate 2 + (-14 - (-12 - (-18 - 10) - 81)).
53
Calculate 140 + -8 + -7 - (40 - 6).
91
96 + (-24 - 80) + 0 + 32 + 0 + -1
23
Calculate 21 + -135 + 83 - (6 - -1).
-38
Evaluate (21 + -32 - -8) + -19 - -9 - -104.
91
Calculate (-65 - (-152 + 56)) + -11.
20
-82 + -59 + (-36 - -70) + -9
-116
What is the value of (-19 - -5) + -10 + -5 + -10?
-39
What is the value of (4 - (-11 + -22) - -2 - (7 + 0)) + 1?
33
(-2 - -20 - (-7 - -8)) + 18 + 51 + -80
6
-4770 - -4799 - (136 + -1 + -2)
-104
What is -13 - (8 - 10) - (2 + 42 + 1)?
-56
What is -8 + (-2 - 4 - -14) + 11 + 4?
15
(9 - 3) + 10 + 90 + -42
64
-17 + -35 + 25 + 58
31
What is the value of 0 - -30 - (-3637 - -3616)?
51
Evaluate 173 - 180 - (13 + -22) - (102 + -1 + 0).
-99
-15 + (1 + -16 + 42 - 23) + 1 + 4
-6
Calculate (48 + -39 - -49) + 27.
85
72 - 0 - (-155 - (-104 - 94))
29
Evaluate 8 - (-53 + -2 + (-29 - (-23 - -1))).
70
Evaluate 3 - (169 + -76 - 62).
-28
36 - (16 - (-14 - 0))
6
-27 - (-147 + 180 + (-21 - 6))
-33
47 + (180 - 151) + 1 + -21
56
Calculate -40 - -1 - (-1747 + 1759).
-51
What is the value of 63 + -27 + 34 + (-7 + 8 + -11 - 0)?
60
Calculate 7 - (15 - (-43 - -13)).
-38
Calculate 47 - 5 - 5 - (0 + 1 + 2).
34
Evaluate 2 + -9 + (-92 - -49) + 56.
6
What is the value of -3 + 85 + -54 - -59?
87
56 - (29 - (36 - 19) - (0 + 7))
51
What is -34 + 7 + 18 + -13 + -36?
-58
Evaluate (4 - 7) + 10 - (6 + (4 + -4 - 19)).
20
-20 - (135 + -51 + -51)
-53
Evaluate 40 + (1 + -24 - 5 - -34).
46
Evaluate (74 - 206) + 107 + 37.
12
What is the value of 0 + -11 - -1 - (-12112 + 12048)?
54
Evaluate -65 - (-67 + 65) - -45.
-18
Evaluate -21 - -10 - (-69 + 67).
-9
Calculate (-8 - -8) + 94 - (-2 + 12 + -17 + 11).
90
Calculate 5 + 8 + 177 + -181.
9
What is the value of -1 - 59 - (-1885 - -1873)?
-48
-194 + -38 + 118 - -216
102
(-16 - (-38 + 20)) + -87
-85
What is the value of 11 + -28 + -3 + 66?
46
What is the value of -44 + (44 - -59) - (34 - 3)?
28
Evaluate 267 + -180 - (18 + 5).
64
What is (-5 - -114) + -303 + 259?
65
Evaluate -2 - (-63 + 0) - (2067 - 2036).
30
What is -4 + -141 + 122 + 45 + 0?
22
-113 - -105 - (-5 - (-12 + 1) - 6)
-8
Evaluate (-139 - -111 - -24) + (0 - 7).
-11
Evaluate (-42 - ((11 - 12) + -24)) + 23.
6
What is the value of (2 - -12) + (21 - (21 + -4))?
18
Evaluate 20 + 24 + -12 + 12 + 13.
57
Calculate (-6 - -66) + 26 + -55 - (1 + 5).
25
Evaluate (-32 + 5 - -9) + -45 + 47.
-16
Calculate 19 - (0 + (-24 - -46)).
-3
Calculate -26 + -1 + (-8 - (11 + -4)).
-42
Calculate -50 + (-4 - 1) + 43.
-12
What is the value of 37 + -1 - (2040 + -2006) - (-1 - 4)?
7
Evaluate 54 + 13 + (17 - (3 + 28) - 1).
52
Evaluate 57 + (492 - 493) + -9 + -4 + (-4 - -7).
46
Evaluate 82 - (1348 + -1380 + (19 - -1)).
94
What is -41 + 17 + (2 - 1 - (8 - (-5 + 6)))?
-30
What is 10 + 321 + -343 + (-39 - -6 - -4)?
-41
Evaluate -80 - ((10 - 17) + (5 + -12 + 27 - 1)).
-92
Calculate 4 - -1 - (-66 + 183).
-112
What is the value of 7 + -14 + (-58 - 18) + 16?
-67
What is -9 - (-1 + 1 + 4) - ((-132 - -58) + 53)?
8
What is 8 - -36 - (56 + -64 - (6 + 0))?
58
What is the value of 0 - -31 - ((-277 - -653) + -277)?
-68
Calculate -11 + (2 + -84 - 4) + (36 - 34 - -9).
-86
What is the value of (-101 - -182) + -199 - -14?
-104
53 - (-59 + 97) - 20
-5
What is the value of -75 + (-36 - -96) - (24 - -2)?
-41
Calculate (1 - -9) + (-146 - 2 - -102).
-36
Evaluate 123 - (86 - 22) - 89.
-30
Calculate 8 - (-29 - 0 - (0 - 9)).
28
Calculate 17 + (24 - 38) + -7 - (1 - 3 - 1).
-1
-5 + 10 + -8 + (66 - 77)
-14
(133 - 146) + (8 - 2) + 29
22
-48 - (-103 -